795. Give s(50).
-5
Let o(s) = s**3 - 4*s**2 - 101*s - 17. Calculate o(-8).
23
Let u(q) = q**3 + 63*q**2 + 13*q + 823. What is u(-63)?
4
Let r(i) = -i**2 + 92*i - 614. Calculate r(7).
-19
Let q(s) = -s**3 + 6*s**2 + 106*s - 548. Give q(5).
7
Let m(v) = -v - 166. Give m(-178).
12
Let z(s) = -559*s + 7838. Give z(14).
12
Let k(b) = 116*b - 936. What is k(8)?
-8
Let c(s) = -2*s**3 + 316*s**2 + 4070*s - 115. Calculate c(-12).
5
Let u(p) = -5*p**2 + 653*p - 4688. Determine u(123).
-14
Let r(c) = 1114*c + 23390. Give r(-21).
-4
Let s(y) = -45*y**2 - 1891*y - 1892. Give s(-41).
-6
Let u(k) = 4930*k + 24651. Give u(-5).
1
Let l(p) = -234*p - 1722. Determine l(-7).
-84
Let a(v) = -7*v**2 - 5*v - 7. Determine a(-1).
-9
Let n(b) = 30*b**2 + 17*b + 41. Give n(-2).
127
Let n(y) = y**2 - 206*y - 2851. What is n(219)?
-4
Let w(f) = 103*f**3 - 5*f**2 + 10*f - 8. Calculate w(1).
100
Let x(s) = -95*s - 2474. Calculate x(-26).
-4
Let h(l) = -l**2 - 89*l - 958. Give h(-13).
30
Let u(h) = -h**2 + 11*h - 4. Give u(16).
-84
Let m(s) = -s**2 + 1474*s - 24783. Give m(17).
-14
Let v(k) = 165*k + 996. Give v(-6).
6
Let h(q) = 40*q - 243. Determine h(4).
-83
Let s(x) = -2*x**3 + 5*x**2 + 2*x + 9. Calculate s(4).
-31
Let g(k) = -k**2 - 40*k + 1810. Give g(27).
1
Let o(p) = 77*p**2 - 2773*p + 57. Give o(36).
21
Let l(z) = z**3 + 17*z**2 + 59*z + 436. What is l(-15)?
1
Let d(h) = -3012*h - 108447. Determine d(-36).
-15
Let u(v) = -v**3 - 3*v**2 + 78*v + 194. Give u(-9).
-22
Let x(j) = 58*j + 84. Calculate x(1).
142
Let i(l) = 1043*l + 79268. Give i(-76).
0
Let w(s) = -237*s + 313. What is w(2)?
-161
Let n(b) = b**2 - 15*b + 449. What is n(30)?
899
Let n(g) = -g**3 + 52*g**2 + 1827*g - 221. Determine n(76).
7
Let w(z) = -2*z**2 + 43*z + 117. Give w(23).
48
Let z(y) = -85*y - 16234. Give z(-191).
1
Let f(l) = l**3 + 44*l**2 + 87*l + 121. Give f(-42).
-5
Let p(h) = -h**3 + 5*h**2 + 18*h - 87. Calculate p(6).
-15
Let f(r) = -3559*r + 24901. Give f(7).
-12
Let b(k) = -k**2 - 33*k - 258. Calculate b(-23).
-28
Let f(v) = 19*v**3 + 686*v**2 + 74*v + 87. Calculate f(-36).
15
Let w(c) = c**3 - 198*c**2 + 2056*c + 7. Calculate w(11).
-4
Let h(z) = -z**2 - 42*z - 424. Give h(-23).
13
Let o(p) = -12*p - 63. Calculate o(-5).
-3
Let o(r) = -2*r**2 + 20*r + 42. Calculate o(12).
-6
Let g(b) = -34*b + 217. Give g(6).
13
Let c(t) = t**3 - 446*t + 89. What is c(21)?
-16
Let i(t) = -37*t + 8699. Determine i(235).
4
Let m(z) = 15*z + 174. Calculate m(6).
264
Let r(i) = -344*i - 350. What is r(-1)?
-6
Let p(c) = c**3 + 25*c**2 + 9*c + 41. Give p(-25).
-184
Let g(u) = 8*u + 53. Give g(0).
53
Let j(p) = -p**3 - 4*p**2 - 12*p - 31. Determine j(-3).
-4
Let r(m) = 3*m**3 + 80*m**2 + 63*m + 227. Determine r(-26).
-59
Let r(u) = -29*u - 3666. Determine r(-126).
-12
Let t(r) = -r**3 - 15*r**2 - 37*r - 9. What is t(-11)?
-86
Let a(w) = w**3 + 45*w**2 + 72*w - 528. Calculate a(-43).
74
Let m(o) = 17*o**3 - 3*o**2 + 10*o + 2. Give m(2).
146
Let m(r) = 42*r**3 + 38*r**2 - 25*r - 26. Calculate m(-1).
-5
Let o(v) = -3*v**2 + 105*v - 175. What is o(31)?
197
Let x(k) = -3*k**2 + 61*k - 352. What is x(18)?
-226
Let b(y) = 15*y - 507. Give b(32).
-27
Let r(v) = -v**3 - 71*v**2 + 5*v + 362. Give r(-71).
7
Let z(q) = 20*q + 304. Determine z(-26).
-216
Let r(h) = -h**2 + 48*h - 190. Determine r(44).
-14
Let j(q) = 61*q + 372. Give j(-6).
6
Let f(o) = 521*o - 81821. Calculate f(157).
-24
Let l(g) = -3*g**3 + 28*g**2 - 5*g - 12. Calculate l(9).
24
Let s(o) = 945*o - 5371. Calculate s(6).
299
Let u(a) = -2*a**2 + 14084*a - 56298. What is u(4)?
6
Let s(b) = -59*b**2 - 116*b - 66. Determine s(-1).
-9
Let t(y) = -20*y**2 - 2*y. Give t(1).
-22
Let x(k) = -k**2 - 81*k - 1646. Calculate x(-39).
-8
Let v(l) = 3*l**2 - 250*l - 438. Give v(85).
-13
Let j(q) = -42*q**2 - 3235*q - 74. Give j(-77).
3
Let i(v) = -v**3 + 13*v**2 - 18*v + 53. Determine i(12).
-19
Let x(f) = f**2 - 35*f + 183. What is x(24)?
-81
Let i(w) = 2*w**3 - 52*w**2 + 2*w - 55. What is i(26)?
-3
Let d(g) = -g**2 + 48*g - 680. Give d(13).
-225
Let w(t) = -t**2 - 105*t - 2070. Determine w(-79).
-16
Let x(q) = q**3 - 19*q + 15. Give x(-4).
27
Let s(n) = -n**2 - 37*n - 73. Give s(-25).
227
Let y(d) = -3*d**3 - 128*d**2 + 391*d - 10. What is y(3)?
-70
Let x(q) = q**2 - 171*q - 1418. What is x(-8)?
14
Let w(i) = 14*i - 291. What is w(22)?
17
Let f(h) = h**2 + 111*h - 2636. Calculate f(20).
-16
Let q(s) = s**2 + 446*s + 882. Determine q(-2).
-6
Let n(i) = -i**2 - 25*i - 23. Determine n(-14).
131
Let u(j) = -11932*j - 107381. What is u(-9)?
7
Let m(z) = z**2 - 140*z + 2117. Give m(18).
-79
Let d(k) = -k**3 + 6*k**2 + 22*k + 11. What is d(-5)?
176
Let t(v) = -v**2 + 87*v + 4264. Calculate t(-35).
-6
Let f(s) = -5*s**2 + 29*s - 4. Give f(5).
16
Let l(v) = -v**2 + 67*v + 2649. Calculate l(-27).
111
Let s(k) = 629*k + 79272. Determine s(-126).
18
Let w(z) = z**3 - 11*z**2 - 7*z + 77. What is w(11)?
0
Let m(x) = -2*x**2 + 2*x + 478. Determine m(-15).
-2
Let w(u) = 6*u**2 - 22*u - 1031. Determine w(15).
-11
Let y(b) = b**2 + 78*b + 1308. Determine y(-25).
-17
Let b(j) = -12*j**2 - 44*j - 94. Give b(-5).
-174
Let j(t) = -22*t**2 + 95*t - 15. Calculate j(4).
13
Let b(n) = 1390*n - 18075. Calculate b(13).
-5
Let m(b) = b**2 - 164*b - 3092. What is m(-17)?
-15
Let i(c) = 50*c + 23. Calculate i(-2).
-77
Let q(x) = -4*x**3 + 10*x**2 - 9*x + 54. Give q(3).
9
Let g(b) = -37*b - 667. What is g(-17)?
-38
Let j(m) = 27*m + 453. Calculate j(-9).
210
Let j(z) = 340*z + 4086. Determine j(-12).
6
Let b(w) = -191*w + 1485. Calculate b(6).
339
Let a(b) = -92*b - 544. Calculate a(-6).
8
Let f(u) = u**2 - 94*u + 1654. Give f(70).
-26
Let w(r) = -34*r**2 + 18*r - 48. Give w(3).
-300
Let j(b) = -b**2 - 9*b - 2. What is j(-8)?
6
Let s(f) = -6*f**2 + 14*f - 6. What is s(0)?
-6
Let v(z) = -z**2 + 61*z + 467. Determine v(-7).
-9
Let w(r) = -65*r - 8008. What is w(-123)?
-13
Let q(v) = v**3 - 11*v**2 - 108*v - 148. Determine q(-5).
-8
Let z(p) = 160*p - 9091. Give z(57).
29
Let i(q) = -2*q - 13. What is i(-8)?
3
Let u(k) = 10*k**2 - 27*k + 5. What is u(2)?
-9
Let y(u) = -6*u + 256. Give y(41).
10
Let a(c) = -c**3 + 100*c**2 - 100*c + 92. Calculate a(99).
-7
Let v(k) = 230*k - 2424. Give v(10).
-124
Let j(r) = -166*r + 999. Give j(6).
3
Let j(q) = 2*q**2 + 32*q + 146. What is j(-4)?
50
Let t(m) = m**2 - 8*m - 226. Determine t(-11).
-17
Let j(h) = -2*h**2 - 13996*h - 27990. Calculate j(-2).
-6
Let d(o) = o**3 - 25*o**2 + 77*o - 111. Give d(22).
131
Let p(t) = 2*t**2 + 230*t + 1522. Give p(-7).
10
Let p(z) = -2*z**2 + 16*z + 45. Determine p(13).
-85
Let s(o) = 819*o + 4097. Give s(-5).
2
Let z(b) = 19*b**3 - 2376*b**2 + 122*b + 376. Give z(125).
1
Let s(q) = 6*q**2 - 3*q + 3. What is s(-1)?
12
Let v(b) = -22*b + 26. Calculate v(-5).
136
Let h(i) = -2*i**2 - 197*i + 607. What is h(3)?
-2
Let f(g) = -13*g**2 - 186*g + 362. Calculate f(-16).
10
Let x(t) = -7*t**3 + 80*t**2 + 143*t - 5. Determine x(13).
-5
Let p(x) = 2*x**3 + 16*x**2 - 9*x + 6. What is p(-9)?
-75
Let b(n) = n**3 - 13*n**2 + 18*n + 27. Determine b(11).
-17
Let w(m) = 19489*m + 21. Give w(0).
21
Let q(m) = 47*m**2 + 16*m + 17. Calculate q(-1).
48
Let i(p) = -27*p**2 + 149*p + 298. Determine i(-2).
-108
Let r(w) = 4270*w - 46965. What is r(11)?
5
Let g(k) = -k**2 + 31*k - 1. Give g(20).
219
Let d(l) = -l**3 - 9*l - 58. Give d(-3).
-4
Let w(y) = 7558*y + 30232. What is w(-4)?
0
Let y(x) = -13*x - 13. Calculate y(-24).
299
Let t(g) = 52*g + 664. What is t(-15)?
-116
Let x(c) = -16*c**2 + 282*c + 9. Give x(18).
-99
Let z(b) = -b**2 + 246*b + 1523. Give z(252).
11
Let v(d) = -d**3 + 27*d**2 - 89*d - 105. Give v(23).
-36
Let w(u) = -18*u**2 - 134*u + 4. What is w(-8)?
-76
Let q(t) = 101*t - 8388. Calculate q(83).
-5
Let j(h) = 2*h**2 + 12*h - 40. Calculate j(-9).
14
Let g(c) = 32*c**2 - 171*c + 50. What is g(5)?
-5
Let y(a) = -2*a**2 - 48*a + 155. Calculate y(-27).
-7
Let g(p) = 22*p**2 + 482*p - 32. Determine g(-22).
12
Let i(r) = -8*r + 93. Calculate i(11).
5
Let u(f) = -f**2 + 280*f - 4965. Determine u(19).
-6
Let g(r) = r**3 + 67*r**2 + 302*r - 405. Determine g(-62).
91
Let v(m) = -2*m**3 - 20*m**2 + 21*m - 60. Calculate v(-11).
-49
Let a(w) = w**2 - 2*w - 27. Determine a(-5).
8
Let k(g) = g**3 + 13*g**2 - 12*g - 333. What is k(-12)?
-45
Le